ppose x - 6*c + 10*c + 302 = 0, v*x - 4*c = -1168. Let f = x + 463. Does 24 divide f?
False
Let a(u) = -6*u**3 + 21*u**2 + 2*u - 34. Does 30 divide a(-11)?
False
Suppose -n + 45177 = -4*b, 4*n - 17*b + 16*b - 180738 = 0. Is n a multiple of 10?
False
Let p(g) = -g**2 - 10*g - 14. Let q be p(-8). Let a be 8*q/(-4) - -12. Suppose 109 + 35 = a*w. Is w even?
True
Let z = -1 - -106. Let q = -31431 + 31620. Let x = q - z. Does 21 divide x?
True
Let l(p) = 6*p**2 + 2*p - 1. Let j be 76/18 + (-4)/18. Suppose 9*t = 11*t - j. Is 25 a factor of l(t)?
False
Let d = 18318 + -8904. Does 6 divide d?
True
Is (-10)/55 - 72472/(-22) a multiple of 27?
True
Suppose -36*j + 56*j - 1079 - 1421 = 0. Is 5 a factor of j?
True
Suppose -p + 5*d + 1599 = 617, -980 = -p + 4*d. Is 12 a factor of p?
True
Let o = -229 + 714. Let d = 869 - o. Is 24 a factor of d?
True
Let w(x) = -316*x**3 + 84*x**2 + 345*x - 32. Is 4 a factor of w(-4)?
True
Suppose 4517 = 8*n - 1563. Suppose 65*q - 57*q = n. Does 2 divide q?
False
Let p be ((-25)/10)/(2/(-4)). Suppose 21 = 4*o + p. Suppose -d + 5*b + 70 = d, -o*d + b = -140. Does 5 divide d?
True
Suppose 4*v - j = j + 6, -4*j + 20 = 0. Suppose -q = -a - 21, 4*q + 5*a = -0*q + 102. Suppose 89 = v*b - q. Is b a multiple of 27?
False
Let o(j) = 86*j**3 + 2*j**2 - 9*j + 8. Let h be o(3). Let n = -1243 + h. Is 14 a factor of n?
True
Let v = -436 - -3664. Is v a multiple of 2?
True
Suppose 8345 = 2*j + t, -3*t = 26*j - 28*j + 8325. Does 125 divide j?
False
Let x be (57/2)/(4/(-8)). Suppose 90 = 13*q - 23*q. Does 4 divide x/2*6/q?
False
Let n(z) = 1628*z**2 - 143*z + 523. Is n(4) a multiple of 27?
False
Suppose -2*h - 355 = 4*r - 9*r, h = -5. Suppose -t = k - 9, 4*t = -t + 5*k + 5. Suppose -x + r = -0*x + 4*b, -t*x + b + 303 = 0. Is x a multiple of 5?
False
Let h(l) = 2*l**3 - 13*l**2 - 11*l + 1. Suppose -23*s = -17*s + 30. Let r be 4/(4/18 - s/18). Is 15 a factor of h(r)?
True
Let f(l) = 18*l + 664. Does 4 divide f(30)?
True
Let v(g) = 5*g**2 + 3*g + 449. Let z(r) = 12*r**2 + 7*r + 897. Let y(j) = 7*v(j) - 3*z(j). Is y(0) a multiple of 45?
False
Suppose 6*x + 1260 = 25*x - 5*x. Suppose -v = 2*l - 7, -2*v = 5*l - 5*v - 1. Suppose -x = l*w - 5*w. Does 15 divide w?
True
Suppose 62*o - 37102 = 43064. Is 42 a factor of o?
False
Let v be ((-4)/3 - (-10)/(-15))/(-1). Suppose -q - v*q + 5*d + 20 = 0, 0 = 3*q + 4*d + 16. Suppose -8*i + q*i + 320 = 0. Is i a multiple of 20?
True
Let i(z) = z**3 - 15*z**2 + 3*z - 20. Let m be i(11). Let l = m + 559. Is 3 a factor of l?
False
Let m be (4/6)/(41/(-492)). Let u(h) = 5*h + 3*h**2 - 2*h**2 + 28 + 0*h**2. Is u(m) a multiple of 26?
True
Let h(j) = 19*j**3 - 13*j**2 + 69*j - 14. Is h(9) a multiple of 158?
False
Let w(s) = s**3 - 10*s**2 - 13*s + 26. Let x be w(11). Suppose -x*h = -14*h + 110. Let d(b) = 3*b - 24. Is d(h) a multiple of 9?
True
Let w(p) = 373*p - 452. Is 4 a factor of w(11)?
False
Let j be 0 - (-5 + (8 - 3)). Suppose -5*n - 4*u + 87 = 0, j*n + 4*u + 3 = n. Is n a multiple of 4?
False
Let u(l) = 1453*l**2 + 15*l - 32. Is 44 a factor of u(3)?
False
Let t(l) = -19*l**2 + 3*l - 14. Let d(o) = -19*o**2 + o - 12. Let g(h) = 5*d(h) - 6*t(h). Is g(6) a multiple of 70?
True
Suppose 575*f = 161999 + 26026. Does 3 divide f?
True
Let w be (-4)/((-20)/15) + 654. Suppose w + 129 = 3*m. Is 22 a factor of m?
False
Let s = 127 - 78. Let f(r) = -97*r**2 + s*r**2 + 49*r**2 + 6*r. Is f(-12) a multiple of 8?
True
Let h(y) = -y**3 + 7*y**2 + 95*y + 25. Is 3 a factor of h(-8)?
True
Suppose 0 = -h + 4*w + 11, 24*h - 25*h - 4*w = 5. Is 28 a factor of h/5 - (-3 + (-6404)/10)?
True
Suppose -3*c + 0*c - 3*u + 21 = 0, -31 = -5*c - u. Suppose -11*n + c*n + 690 = 0. Is n a multiple of 15?
False
Let v(r) = r**2 - 4*r - r**2 + 0*r**2 + 5*r**2 + 2. Let f be v(1). Suppose 6*h = f*h + 24. Is 3 a factor of h?
False
Let j(l) = l. Let p(u) = -154*u - 10. Let r(c) = -j(c) + p(c). Is r(-2) a multiple of 50?
True
Let d(z) = 22*z**3 + 47*z - 231. Is d(11) a multiple of 22?
True
Let q(m) = m**2 + 5 - 8 + 28*m + 30. Let w(j) = j**2 + 27*j + 26. Let u(i) = 4*q(i) - 5*w(i). Does 16 divide u(-17)?
True
Let a(y) = 39*y**2 + 67*y - 14. Is a(10) a multiple of 9?
False
Does 13 divide ((-952)/102*(-2670)/(-4))/(2/(-1))?
False
Suppose 12*l = 62839 + 38753. Is 73 a factor of l?
False
Suppose 4*w = 12, -32505 = -5*d + 4*w + 44748. Is d a multiple of 153?
True
Let h(j) = -11*j - 31. Suppose 7 = 7*a + 56. Is h(a) a multiple of 23?
True
Let z(j) = 37 + 0 + 7*j + 32 - 3. Is z(0) a multiple of 6?
True
Is 5 a factor of (-11 - (-8 + 0))/(3/(-672)*3)?
False
Suppose 4*a = -23*a - 11*a. Suppose -4*c + 4*y + 956 = a, -y + 1 + 2 = 0. Does 25 divide c?
False
Let x(r) = r**2 + 8*r + 1. Let a be x(-12). Suppose -a*c = -46*c - 315. Does 4 divide c?
False
Suppose 0 = 6*v - 7*v + 10. Suppose -10*q + 5*q + v = 0. Does 5 divide (-11)/(-22)*(q + 34)?
False
Let p be 6/(-14) + (-925)/(-35). Let q = -94 + p. Let g = 164 + q. Is 16 a factor of g?
True
Suppose 2*j = 4*b - 60, -10*b + 4*j - 6 = -11*b. Is 16*-2*(-77)/b a multiple of 44?
True
Suppose 15*d - 80973 = -67803 + 80160. Does 55 divide d?
False
Let n(o) = 55*o + 7. Let s be n(-1). Let y = -46 - s. Suppose p + 4*c - 37 = -2*p, -y = c. Is 3 a factor of p?
True
Let x(z) = -1558*z + 8576. Does 71 divide x(-14)?
True
Let v = 47 + -45. Suppose v*l = 4*d - 1116, 2*l + l + 2*d = -1690. Let k = -374 - l. Does 47 divide k?
True
Does 40 divide 10/(-55) + (7 + (-9820)/(-44) - 8)?
False
Suppose -2*z + 21 = 5*z. Suppose -z*u + 1007 = -757. Is 24 a factor of u?
False
Suppose -14*u + 8 = -10*u. Is (u + (-48)/(-30))/((-9)/(-30)) a multiple of 4?
True
Suppose s + 122*z = 119*z + 8758, -3*s + 2*z = -26340. Is s a multiple of 12?
False
Suppose 11*x - 3*r = 13*x - 296, x - r - 148 = 0. Let d = 107 + x. Is d a multiple of 5?
True
Suppose -m = -3*h - 6632, 2*m - 3*h + 2457 = 15721. Is 15 a factor of m?
False
Suppose 56280 - 192405 = -19*z - 14*z. Is z a multiple of 15?
True
Suppose 19*i = 25*i - 24. Suppose 0 = -4*y + m + 2*m + 135, 0 = i*y + m - 115. Suppose -187 - y = -7*a. Is 4 a factor of a?
False
Suppose 3*v + 245 = 260. Let c(a) = 30*a + 23. Let h(s) = 31*s + 22. Let m(w) = -2*c(w) + 3*h(w). Is m(v) a multiple of 41?
False
Let m = -73 - -77. Let w be (4*1/m)/(2/6). Is 49 a factor of (1 - (3 + -3 + w)) + 199?
False
Suppose -5*d - 21 + 11 = 0, -2*d - 4073 = -t. Is 76 a factor of t?
False
Let b(i) = -i**2 - 36*i + 37. Suppose 362*l - 361*l = -17. Does 18 divide b(l)?
True
Suppose f = m + 2, -11 = -14*f + 13*f - 2*m. Suppose 2*a = f*r - 518, -a + 209 = 4*r - 195. Is r a multiple of 6?
True
Let u be (1 - 2) + (-9)/1. Let y(d) = d**3 + 13*d**2 - d + 9. Does 27 divide y(u)?
False
Suppose -1396 = -7*w + 851. Suppose 249 = 10*s - w. Is 3 a factor of s?
True
Suppose -35*h + 145060 + 1940 = 0. Does 6 divide h?
True
Let s = 173 - -83. Suppose 0*a - s = -4*a. Suppose 0 = 4*v - 3*x - 80, -3*v - v = x - a. Does 17 divide v?
True
Let z(f) = f**3 + 8*f**2 - 7*f - 21. Suppose 2*a - 3*q + 33 = 0, -a + 4*q = 14 + 15. Let g be z(a). Let u = -30 - g. Is 2 a factor of u?
False
Let m(n) = -2*n**3 - 5*n**2 + 14*n + 35. Let b be m(-3). Let u be 1164/9 + 2/(-6). Suppose -235 = -5*i + f, 3*i - f = b*f + u. Is i a multiple of 13?
False
Is (0 - (-43393)/5) + (-1578)/2630 a multiple of 23?
False
Let d be (-1)/(-4)*-2*2. Let p be (-2)/(3/267*d). Suppose -28 + p = 5*u. Is 27 a factor of u?
False
Let u(v) = 4*v**2 - 7 + 2*v - 6*v**2 - 9*v**2 - 3*v. Let x(b) = -11*b**2 - 2*b - 7. Let m(i) = -7*u(i) + 6*x(i). Is m(2) a multiple of 5?
False
Let q(p) = -p**2 + 10*p + 1. Let c be q(6). Let o be 2*1/(10/c). Suppose 10*j = o*j - 5, -5*k - 5*j = -355. Does 12 divide k?
True
Let j(r) = -12*r - 13. Let v be j(-13). Let p = v + -65. Is 4 a factor of p?
False
Does 64 divide -52*16/20*1440/(-9)?
True
Let a = 668 - 394. Is a a multiple of 2?
True
Let g be (-13 - (-97)/7)*49. Suppose -4*l + 5 - 483 = -2*s, 3*l - 4*s + 356 = 0. Is 3 a factor of 1/7 - l/g?
True
Suppose -156695 = -15*d + 192955. Does 7 divide d/54 - (-1)/3?
False
Let r be 2/5*(-30)/(-12). Suppose -127 = 4*l + 345. Does 37 divide (l/4)/(r/2*-1)?
False
Let o be (-6*(-4)/16)/(3/38). Suppose l = 4*n - 65 - o, 2*n + 3*l = 28. Suppose -n - 28 = -j. Does 12 divide j?
True
Let y = -93 - -92. Is 13 a factor of (42/(-10) - y)*-15?
F